{"id":25361,"date":"2023-05-30T04:22:28","date_gmt":"2023-05-30T04:22:28","guid":{"rendered":"https:\/\/naranjal.gob.ec\/site\/?page_id=25361"},"modified":"2023-07-09T04:08:18","modified_gmt":"2023-07-09T04:08:18","slug":"rendicion-de-cuentas-2021","status":"publish","type":"page","link":"https:\/\/naranjal.gob.ec\/site\/rendicion-de-cuentas-2021\/","title":{"rendered":"Rendici\u00f3n de cuentas 2021"},"content":{"rendered":"\t\t<div data-elementor-type=\"wp-page\" data-elementor-id=\"25361\" class=\"elementor elementor-25361\">\n\t\t\t\t\t\t<section class=\"elementor-section elementor-top-section elementor-element elementor-element-e75547b elementor-section-height-min-height elementor-section-boxed elementor-section-height-default elementor-section-items-middle\" data-id=\"e75547b\" data-element_type=\"section\" data-settings=\"{&quot;background_background&quot;:&quot;classic&quot;}\">\n\t\t\t\t\t\t<div class=\"elementor-container elementor-column-gap-default\">\n\t\t\t\t\t<div class=\"elementor-column elementor-col-100 elementor-top-column elementor-element elementor-element-52c54bb\" data-id=\"52c54bb\" data-element_type=\"column\">\n\t\t\t<div class=\"elementor-widget-wrap elementor-element-populated\">\n\t\t\t\t\t\t<div class=\"elementor-element elementor-element-30238ad elementor-widget elementor-widget-heading\" data-id=\"30238ad\" data-element_type=\"widget\" data-widget_type=\"heading.default\">\n\t\t\t\t<div class=\"elementor-widget-container\">\n\t\t\t<h2 class=\"elementor-heading-title elementor-size-default\">RENDICI\u00d3N DE CUENTAS 2021<\/h2>\t\t<\/div>\n\t\t\t\t<\/div>\n\t\t\t\t\t<\/div>\n\t\t<\/div>\n\t\t\t\t\t<\/div>\n\t\t<\/section>\n\t\t\t\t<section class=\"elementor-section elementor-top-section elementor-element elementor-element-b39269d elementor-section-boxed elementor-section-height-default elementor-section-height-default\" data-id=\"b39269d\" data-element_type=\"section\">\n\t\t\t\t\t\t<div class=\"elementor-container elementor-column-gap-default\">\n\t\t\t\t\t<div class=\"elementor-column elementor-col-100 elementor-top-column elementor-element elementor-element-e852a7f\" data-id=\"e852a7f\" data-element_type=\"column\">\n\t\t\t<div class=\"elementor-widget-wrap elementor-element-populated\">\n\t\t\t\t\t\t<div class=\"elementor-element elementor-element-9b0225a elementor-widget elementor-widget-image\" data-id=\"9b0225a\" data-element_type=\"widget\" data-widget_type=\"image.default\">\n\t\t\t\t<div class=\"elementor-widget-container\">\n\t\t\t\t\t\t\t\t\t\t\t\t\t<img fetchpriority=\"high\" decoding=\"async\" width=\"1024\" height=\"930\" src=\"https:\/\/naranjal.gob.ec\/site\/wp-content\/uploads\/2023\/07\/WhatsApp-Image-2022-02-04-at-8.54.46-AM-1024x930.jpeg\" class=\"attachment-large size-large wp-image-26847\" alt=\"\" srcset=\"https:\/\/naranjal.gob.ec\/site\/wp-content\/uploads\/2023\/07\/WhatsApp-Image-2022-02-04-at-8.54.46-AM-1024x930.jpeg 1024w, https:\/\/naranjal.gob.ec\/site\/wp-content\/uploads\/2023\/07\/WhatsApp-Image-2022-02-04-at-8.54.46-AM-300x272.jpeg 300w, https:\/\/naranjal.gob.ec\/site\/wp-content\/uploads\/2023\/07\/WhatsApp-Image-2022-02-04-at-8.54.46-AM-768x697.jpeg 768w, https:\/\/naranjal.gob.ec\/site\/wp-content\/uploads\/2023\/07\/WhatsApp-Image-2022-02-04-at-8.54.46-AM-396x360.jpeg 396w, https:\/\/naranjal.gob.ec\/site\/wp-content\/uploads\/2023\/07\/WhatsApp-Image-2022-02-04-at-8.54.46-AM-600x545.jpeg 600w, https:\/\/naranjal.gob.ec\/site\/wp-content\/uploads\/2023\/07\/WhatsApp-Image-2022-02-04-at-8.54.46-AM.jpeg 1280w\" sizes=\"(max-width: 1024px) 100vw, 1024px\" \/>\t\t\t\t\t\t\t\t\t\t\t\t\t<\/div>\n\t\t\t\t<\/div>\n\t\t\t\t\t<\/div>\n\t\t<\/div>\n\t\t\t\t\t<\/div>\n\t\t<\/section>\n\t\t\t\t<section class=\"elementor-section elementor-top-section elementor-element elementor-element-82d2e87 elementor-section-boxed elementor-section-height-default elementor-section-height-default\" data-id=\"82d2e87\" data-element_type=\"section\">\n\t\t\t\t\t\t<div class=\"elementor-container elementor-column-gap-default\">\n\t\t\t\t\t<div class=\"elementor-column elementor-col-100 elementor-top-column elementor-element elementor-element-61aa34f\" data-id=\"61aa34f\" data-element_type=\"column\">\n\t\t\t<div class=\"elementor-widget-wrap elementor-element-populated\">\n\t\t\t\t\t\t<div class=\"elementor-element elementor-element-eb5cd11 elementor-widget elementor-widget-image\" data-id=\"eb5cd11\" data-element_type=\"widget\" data-widget_type=\"image.default\">\n\t\t\t\t<div class=\"elementor-widget-container\">\n\t\t\t\t\t\t\t\t\t\t\t\t\t<img decoding=\"async\" width=\"768\" height=\"768\" src=\"https:\/\/naranjal.gob.ec\/site\/wp-content\/uploads\/2023\/07\/279530212_1176987479762040_8403900683889165915_n-768x768.jpg\" class=\"attachment-medium_large size-medium_large wp-image-26848\" alt=\"\" srcset=\"https:\/\/naranjal.gob.ec\/site\/wp-content\/uploads\/2023\/07\/279530212_1176987479762040_8403900683889165915_n-768x768.jpg 768w, https:\/\/naranjal.gob.ec\/site\/wp-content\/uploads\/2023\/07\/279530212_1176987479762040_8403900683889165915_n-300x300.jpg 300w, https:\/\/naranjal.gob.ec\/site\/wp-content\/uploads\/2023\/07\/279530212_1176987479762040_8403900683889165915_n-1024x1024.jpg 1024w, https:\/\/naranjal.gob.ec\/site\/wp-content\/uploads\/2023\/07\/279530212_1176987479762040_8403900683889165915_n-150x150.jpg 150w, https:\/\/naranjal.gob.ec\/site\/wp-content\/uploads\/2023\/07\/279530212_1176987479762040_8403900683889165915_n-1536x1536.jpg 1536w, https:\/\/naranjal.gob.ec\/site\/wp-content\/uploads\/2023\/07\/279530212_1176987479762040_8403900683889165915_n-600x600.jpg 600w, https:\/\/naranjal.gob.ec\/site\/wp-content\/uploads\/2023\/07\/279530212_1176987479762040_8403900683889165915_n-100x100.jpg 100w, https:\/\/naranjal.gob.ec\/site\/wp-content\/uploads\/2023\/07\/279530212_1176987479762040_8403900683889165915_n.jpg 2048w\" sizes=\"(max-width: 768px) 100vw, 768px\" \/>\t\t\t\t\t\t\t\t\t\t\t\t\t<\/div>\n\t\t\t\t<\/div>\n\t\t\t\t\t<\/div>\n\t\t<\/div>\n\t\t\t\t\t<\/div>\n\t\t<\/section>\n\t\t\t\t<section class=\"elementor-section elementor-top-section elementor-element elementor-element-5da652d elementor-section-boxed elementor-section-height-default elementor-section-height-default\" data-id=\"5da652d\" data-element_type=\"section\">\n\t\t\t\t\t\t<div class=\"elementor-container elementor-column-gap-default\">\n\t\t\t\t\t<div class=\"elementor-column elementor-col-100 elementor-top-column elementor-element elementor-element-0198636\" data-id=\"0198636\" data-element_type=\"column\">\n\t\t\t<div class=\"elementor-widget-wrap elementor-element-populated\">\n\t\t\t\t\t\t<div class=\"elementor-element elementor-element-fbafbab elementor-widget elementor-widget-video\" data-id=\"fbafbab\" data-element_type=\"widget\" data-settings=\"{&quot;video_type&quot;:&quot;hosted&quot;,&quot;show_image_overlay&quot;:&quot;yes&quot;,&quot;image_overlay&quot;:{&quot;url&quot;:&quot;https:\\\/\\\/naranjal.gob.ec\\\/site\\\/wp-content\\\/uploads\\\/2023\\\/07\\\/Captura-de-Pantalla-2022-04-30-a-las-14.10.21.png&quot;,&quot;id&quot;:26849,&quot;size&quot;:&quot;&quot;},&quot;controls&quot;:&quot;yes&quot;}\" data-widget_type=\"video.default\">\n\t\t\t\t<div class=\"elementor-widget-container\">\n\t\t\t\t\t<div class=\"e-hosted-video elementor-wrapper elementor-open-inline\">\n\t\t\t\t\t<video class=\"elementor-video\" src=\"https:\/\/naranjal.gob.ec\/sitio\/wp-content\/uploads\/2022\/rendicion\/rc2021.mp4\" controls=\"\" preload=\"metadata\" poster=\"https:\/\/naranjal.gob.ec\/site\/wp-content\/uploads\/2023\/07\/Captura-de-Pantalla-2022-04-30-a-las-14.10.21.png\"><\/video>\n\t\t\t\t\t\t<div class=\"elementor-custom-embed-image-overlay\" style=\"background-image: url(https:\/\/naranjal.gob.ec\/site\/wp-content\/uploads\/2023\/07\/Captura-de-Pantalla-2022-04-30-a-las-14.10.21.png);\">\n\t\t\t\t\t\t\t\t\t\t\t\t\t\t\t\t<div class=\"elementor-custom-embed-play\" role=\"button\" aria-label=\"Reproducir v\u00eddeo\" tabindex=\"0\">\n\t\t\t\t\t\t\t<i aria-hidden=\"true\" class=\"eicon-play\"><\/i>\t\t\t\t\t\t\t<span class=\"elementor-screen-only\">Reproducir v\u00eddeo<\/span>\n\t\t\t\t\t\t<\/div>\n\t\t\t\t\t\t\t\t\t<\/div>\n\t\t\t\t\t<\/div>\n\t\t\t\t<\/div>\n\t\t\t\t<\/div>\n\t\t\t\t\t<\/div>\n\t\t<\/div>\n\t\t\t\t\t<\/div>\n\t\t<\/section>\n\t\t\t\t<section class=\"elementor-section elementor-top-section elementor-element elementor-element-1b958f7 elementor-section-boxed elementor-section-height-default elementor-section-height-default\" data-id=\"1b958f7\" data-element_type=\"section\">\n\t\t\t\t\t\t<div class=\"elementor-container elementor-column-gap-default\">\n\t\t\t\t\t<div class=\"elementor-column elementor-col-100 elementor-top-column elementor-element elementor-element-8264f0c\" data-id=\"8264f0c\" data-element_type=\"column\">\n\t\t\t<div class=\"elementor-widget-wrap elementor-element-populated\">\n\t\t\t\t\t\t<div class=\"elementor-element elementor-element-6f774b7 elementor-widget elementor-widget-text-editor\" data-id=\"6f774b7\" data-element_type=\"widget\" data-widget_type=\"text-editor.default\">\n\t\t\t\t<div class=\"elementor-widget-container\">\n\t\t\t\t\t\t\t<h6>Cumpliendo con lo que dispone la ley Org\u00e1nica de Participaci\u00f3n Ciudadana y Control Social, y la Resoluci\u00f3n No. CPCCS-PLE-SG-069-2021-476, de fecha 10 de marzo de 2021, el GAD Municipal del Cant\u00f3n Naranjal y la Administraci\u00f3n del Ab. Luigi Rivera Gutierrez debe cumplir con el proceso de Rendici\u00f3n de Cuentas del a\u00f1o fiscal 2021; para lo cual solicita a usted se sirva formular las preguntas que considere pertinentes realizar al Se\u00f1or Alcalde, relacionadas con la Gesti\u00f3n Administrativa Municipal del a\u00f1o 2021<\/h6>\t\t\t\t\t\t<\/div>\n\t\t\t\t<\/div>\n\t\t\t\t\t<\/div>\n\t\t<\/div>\n\t\t\t\t\t<\/div>\n\t\t<\/section>\n\t\t\t\t<section class=\"elementor-section elementor-top-section elementor-element elementor-element-13f5b5d elementor-section-boxed elementor-section-height-default elementor-section-height-default\" data-id=\"13f5b5d\" data-element_type=\"section\">\n\t\t\t\t\t\t<div class=\"elementor-container elementor-column-gap-default\">\n\t\t\t\t\t<div class=\"elementor-column elementor-col-100 elementor-top-column elementor-element elementor-element-d5cb036\" data-id=\"d5cb036\" data-element_type=\"column\">\n\t\t\t<div class=\"elementor-widget-wrap elementor-element-populated\">\n\t\t\t\t\t\t<div class=\"elementor-element elementor-element-94c5b22 elementor-widget elementor-widget-text-editor\" data-id=\"94c5b22\" data-element_type=\"widget\" data-widget_type=\"text-editor.default\">\n\t\t\t\t<div class=\"elementor-widget-container\">\n\t\t\t\t\t\t\t<h3>Direcci\u00f3n<\/h3>\n<p>Av. Olmedo 1201 y Bol\u00edvar<\/p>\n<h3>Correo<\/h3>\n<p><a href=\"mailto:info@naranjal.gob.ec\" style=\"color: rgb(0, 0, 0);\">info@naranjal.gob.ec<\/a><\/p><div><span style=\"color: rgb(14, 14, 14); font-family: Poppins, sans-serif; font-size: 36px; font-weight: 700; letter-spacing: 0px;\">Tel\u00e9fono<\/span><br><\/div>\n<p>(042) 750-191 (042) 750-192<\/p>\t\t\t\t\t\t<\/div>\n\t\t\t\t<\/div>\n\t\t\t\t\t<\/div>\n\t\t<\/div>\n\t\t\t\t\t<\/div>\n\t\t<\/section>\n\t\t\t\t<\/div>\n\t\t","protected":false},"excerpt":{"rendered":"<p>RENDICI\u00d3N DE CUENTAS 2021 https:\/\/naranjal.gob.ec\/sitio\/wp-content\/uploads\/2022\/rendicion\/rc2021.mp4 Cumpliendo con lo que dispone la ley Org\u00e1nica de Participaci\u00f3n Ciudadana y Control Social, y la Resoluci\u00f3n No. CPCCS-PLE-SG-069-2021-476, de fecha 10 de marzo de 2021, el GAD Municipal del Cant\u00f3n Naranjal y la Administraci\u00f3n del Ab. Luigi Rivera Gutierrez debe cumplir con el proceso de Rendici\u00f3n de Cuentas del [&hellip;]<\/p>\n","protected":false},"author":1,"featured_media":0,"parent":0,"menu_order":0,"comment_status":"closed","ping_status":"closed","template":"","meta":{"_eb_attr":"","_uag_custom_page_level_css":"","_joinchat":[],"footnotes":""},"class_list":["post-25361","page","type-page","status-publish","hentry"],"uagb_featured_image_src":{"full":false,"thumbnail":false,"medium":false,"medium_large":false,"large":false,"1536x1536":false,"2048x2048":false,"htmega_size_585x295":false,"htmega_size_1170x536":false,"htmega_size_396x360":false,"widget":false,"square":false,"featured":false,"featured_large":false,"extra_large":false,"portfolio":false,"portfolio_small":false,"gallery":false,"magazine":false,"masonry":false,"entry_with_sidebar":false,"entry_without_sidebar":false},"uagb_author_info":{"display_name":"naranjal","author_link":"https:\/\/naranjal.gob.ec\/site\/author\/naranjal\/"},"uagb_comment_info":0,"uagb_excerpt":"RENDICI\u00d3N DE CUENTAS 2021 https:\/\/naranjal.gob.ec\/sitio\/wp-content\/uploads\/2022\/rendicion\/rc2021.mp4 Cumpliendo con lo que dispone la ley Org\u00e1nica de Participaci\u00f3n Ciudadana y Control Social, y la Resoluci\u00f3n No. CPCCS-PLE-SG-069-2021-476, de fecha 10 de marzo de 2021, el GAD Municipal del Cant\u00f3n Naranjal y la Administraci\u00f3n del Ab. Luigi Rivera Gutierrez debe cumplir con el proceso de Rendici\u00f3n de Cuentas del&hellip;","_links":{"self":[{"href":"https:\/\/naranjal.gob.ec\/site\/wp-json\/wp\/v2\/pages\/25361","targetHints":{"allow":["GET"]}}],"collection":[{"href":"https:\/\/naranjal.gob.ec\/site\/wp-json\/wp\/v2\/pages"}],"about":[{"href":"https:\/\/naranjal.gob.ec\/site\/wp-json\/wp\/v2\/types\/page"}],"author":[{"embeddable":true,"href":"https:\/\/naranjal.gob.ec\/site\/wp-json\/wp\/v2\/users\/1"}],"replies":[{"embeddable":true,"href":"https:\/\/naranjal.gob.ec\/site\/wp-json\/wp\/v2\/comments?post=25361"}],"version-history":[{"count":10,"href":"https:\/\/naranjal.gob.ec\/site\/wp-json\/wp\/v2\/pages\/25361\/revisions"}],"predecessor-version":[{"id":26872,"href":"https:\/\/naranjal.gob.ec\/site\/wp-json\/wp\/v2\/pages\/25361\/revisions\/26872"}],"wp:attachment":[{"href":"https:\/\/naranjal.gob.ec\/site\/wp-json\/wp\/v2\/media?parent=25361"}],"curies":[{"name":"wp","href":"https:\/\/api.w.org\/{rel}","templated":true}]}}